{"id":26,"date":"2023-10-06T08:28:13","date_gmt":"2023-10-06T06:28:13","guid":{"rendered":"https:\/\/domdzieckastarachowice.pl\/?page_id=26"},"modified":"2024-03-19T12:42:33","modified_gmt":"2024-03-19T11:42:33","slug":"rodo-informacja-o-ochronie-danych-osobowych","status":"publish","type":"page","link":"https:\/\/domdzieckastarachowice.pl\/?page_id=26","title":{"rendered":"RODO-informacja o ochronie danych osobowych"},"content":{"rendered":"\n<pre class=\"wp-block-preformatted\"><strong>Informacja w zakresie przetwarzania danych osobowych w Plac\u00f3wce Opieku\u0144czo \u2013 Wychowawczej w&nbsp;Starachowicach<\/strong><\/pre>\n\n\n\n<pre class=\"wp-block-preformatted\">Dzia\u0142aj\u0105c na podstawie art. 13 ust. 1 i 2 Rozporz\u0105dzenia Parlamentu Europejskiego i Rady (UE) 2016\/679 z&nbsp;dnia 27 kwietnia 2016r. w sprawie ochrony os\u00f3b fizycznych w zwi\u0105zku z&nbsp;przetwarzaniem danych osobowych i&nbsp;w&nbsp;sprawie swobodnego przep\u0142ywu takich danych oraz uchylenia dyrektywy 95\/46\/WE (og\u00f3lnego rozporz\u0105dzenia o ochronie danych) tzw. RODO, Plac\u00f3wka Opieku\u0144czo - Wychowawcza w&nbsp;Starachowicach informuje:<\/pre>\n\n\n\n<pre class=\"wp-block-preformatted\"><strong>Administrator Danych Osobowych<\/strong>\nDyrektor Plac\u00f3wki Opieku\u0144czo - Wychowawczej w Starachowicach, ul. Radomska 72, 27-200 Starachowice, e- mail dyrektor@domdzieckastarachowice.pl&nbsp; tel: 41 271 01 93<\/pre>\n\n\n\n<pre class=\"wp-block-preformatted\"><strong>Inspektor Ochrony Danych Osobowych:<\/strong>\nKatarzyna Klepacz, e-mail: iod@domdzieckastarachowice.pl, ul. Radomska 72, 27-200 Starachowice<\/pre>\n\n\n\n<pre class=\"wp-block-preformatted\"><strong>Dane osobowe mog\u0105 by\u0107 przetwarzane w nast\u0119puj\u0105cych celach:<\/strong>\n1. W celu wykonania obowi\u0105zku ci\u0105\u017c\u0105cego na administratorze, oraz w celu wykonywania zada\u0144 statutowych plac\u00f3wki (na podstawie art. 6 ust. 1 pkt. c RODO, oraz art. 7 pkt. 1 i 2 ustawy o wspieraniu rodziny i systemie pieczy zast\u0119pczej.),\n2. W celu wykonania i na podstawie umowy (na podstawie art. 6 ust. 1 pkt. b RODO),\n3. Na podstawie wyra\u017conej przez Pa\u0144stwo zgody (na podstawie art. 6 ust. 1 pkt. a RODO),\n4. W celu wykonywania drobnych spraw \u017cycia codziennego,\n5. W celu zatrudniania pracownik\u00f3w (na podstawie art. 221 ustawy z dnia 26 czerwca 1974r. Kodeksu Pracy).<\/pre>\n\n\n\n<pre class=\"wp-block-preformatted\">Wyra\u017cenie zgody na przetwarzanie danych osobowych w celach innych ni\u017c wynikaj\u0105ce z&nbsp;art. 7 ust. 1 i 2 ustawy o wspieraniu rodziny i systemie pieczy zast\u0119pczej jest dobrowolne, do kt\u00f3rego przys\u0142uguje prawo do:\n- \u017c\u0105dania od administratora dost\u0119pu do swoich danych osobowych,\n- \u017c\u0105dania do sprostowania danych, ich usuni\u0119cia, lub ograniczenia przetwarzania,\n- wniesienia sprzeciwu wobec przetwarzania,\n- przenoszenia danych,\n- cofni\u0119cia zgody w dowolnym momencie bez wp\u0142ywu na zgodno\u015b\u0107 z prawem przetwarzania, dotyczy przetwarzania danych osobowych na podstawie wcze\u015bniej udzielonej zgody,\n- wniesienia skargi do organu nadzorczego, kt\u00f3rym jest urz\u0105d ochrony danych osobowych w&nbsp;Warszawie, ul. Stawki 2.\n<strong>UWAGA:<\/strong> Wniesienie sprzeciwu wobec przetwarzania danych, dost\u0119p, usuni\u0119cie lub ograniczenie przetwarzania danych musi by\u0107 zgodne z przepisami prawa, na podstawie kt\u00f3rych odbywa si\u0119 przetwarzanie danych, oraz na podstawie przepis\u00f3w reguluj\u0105cych np. o&nbsp;archiwizacji.<\/pre>\n\n\n\n<pre class=\"wp-block-preformatted\"><strong>Przekazywanie danych do pa\u0144stw trzecich.<\/strong>\nPlac\u00f3wka Opieku\u0144czo - Wychowawcza w Starachowicach nie prowadzi transferu danych osobowych do pa\u0144stw trzecich. Organy publiczne, kt\u00f3re mog\u0105 otrzymywa\u0107 dane osobowe w&nbsp;ramach konkretnego post\u0119powania zgodnie z prawem Unii, lub prawem pa\u0144stwa cz\u0142onkowskiego, nie s\u0105 uznawane za odbiorc\u00f3w danych.<\/pre>\n\n\n\n<pre class=\"wp-block-preformatted\"><strong>Odbiorcy danych.<\/strong>\nPa\u0144stwa dane osobowe mog\u0105 zosta\u0107 przekazane innym instytucjom upowa\u017cnionym do ich otrzymania na podstawie przepis\u00f3w prawa, np. organom kontroli.<\/pre>\n\n\n\n<pre class=\"wp-block-preformatted\"><strong>Przechowywanie danych osobowych.<\/strong>\nDane osobowe w zale\u017cno\u015bci od kategorii b\u0119d\u0105 przechowywane przez okres zgodny z za\u0142o\u017ceniami Jednolitego Rzeczowego Wykazu Akt w PO-W, oraz zgodnie z powszechnie obowi\u0105zuj\u0105cymi przepisami prawa.<\/pre>\n\n\n\n<pre class=\"wp-block-preformatted\">Plac\u00f3wka nie gromadzi i nie przetwarza danych osobowych w celach marketingowych oraz zautomatyzowanego przetwarzania w celu profilowania os\u00f3b.<\/pre>\n\n\n\n<pre class=\"wp-block-preformatted\">Pa\u0144stwa dane osobowe podlegaj\u0105 ochronie zgodnie z procedurami obowi\u0105zuj\u0105cymi w plac\u00f3wce i&nbsp; nie zostan\u0105 udost\u0119pnione osobom do tego nieupowa\u017cnionym bez Pa\u0144stwa wiedzy i zgody, chyba \u017ce jest to uzasadnione obowi\u0105zkiem wynikaj\u0105cym z przepisu prawa.<\/pre>\n\n\n\n<p><\/p>\n","protected":false},"excerpt":{"rendered":"<p>Informacja w zakresie przetwarzania danych osobowych w Plac\u00f3wce Opieku\u0144czo \u2013 Wychowawczej w&nbsp;Starachowicach Dzia\u0142aj\u0105c na podstawie art. 13 ust. 1 i 2 Rozporz\u0105dzenia Parlamentu Europejskiego i Rady (UE) 2016\/679 z&nbsp;dnia 27 kwietnia 2016r. w sprawie ochrony os\u00f3b fizycznych w zwi\u0105zku z&nbsp;przetwarzaniem danych osobowych i&nbsp;w&nbsp;sprawie swobodnego przep\u0142ywu takich danych oraz uchylenia dyrektywy 95\/46\/WE (og\u00f3lnego rozporz\u0105dzenia o ochronie &hellip;<\/p>\n<p class=\"read-more\"> <a class=\"\" href=\"https:\/\/domdzieckastarachowice.pl\/?page_id=26\"> <span class=\"screen-reader-text\">RODO-informacja o ochronie danych osobowych<\/span> Read More &raquo;<\/a><\/p>\n","protected":false},"author":1,"featured_media":0,"parent":0,"menu_order":0,"comment_status":"closed","ping_status":"closed","template":"","meta":{"_acf_changed":false,"site-sidebar-layout":"default","site-content-layout":"","ast-site-content-layout":"","site-content-style":"default","site-sidebar-style":"default","ast-global-header-display":"","ast-banner-title-visibility":"","ast-main-header-display":"","ast-hfb-above-header-display":"","ast-hfb-below-header-display":"","ast-hfb-mobile-header-display":"","site-post-title":"","ast-breadcrumbs-content":"","ast-featured-img":"","footer-sml-layout":"","theme-transparent-header-meta":"","adv-header-id-meta":"","stick-header-meta":"","header-above-stick-meta":"","header-main-stick-meta":"","header-below-stick-meta":"","astra-migrate-meta-layouts":"","footnotes":""},"class_list":["post-26","page","type-page","status-publish","hentry"],"acf":[],"_links":{"self":[{"href":"https:\/\/domdzieckastarachowice.pl\/index.php?rest_route=\/wp\/v2\/pages\/26","targetHints":{"allow":["GET"]}}],"collection":[{"href":"https:\/\/domdzieckastarachowice.pl\/index.php?rest_route=\/wp\/v2\/pages"}],"about":[{"href":"https:\/\/domdzieckastarachowice.pl\/index.php?rest_route=\/wp\/v2\/types\/page"}],"author":[{"embeddable":true,"href":"https:\/\/domdzieckastarachowice.pl\/index.php?rest_route=\/wp\/v2\/users\/1"}],"replies":[{"embeddable":true,"href":"https:\/\/domdzieckastarachowice.pl\/index.php?rest_route=%2Fwp%2Fv2%2Fcomments&post=26"}],"version-history":[{"count":4,"href":"https:\/\/domdzieckastarachowice.pl\/index.php?rest_route=\/wp\/v2\/pages\/26\/revisions"}],"predecessor-version":[{"id":369,"href":"https:\/\/domdzieckastarachowice.pl\/index.php?rest_route=\/wp\/v2\/pages\/26\/revisions\/369"}],"wp:attachment":[{"href":"https:\/\/domdzieckastarachowice.pl\/index.php?rest_route=%2Fwp%2Fv2%2Fmedia&parent=26"}],"curies":[{"name":"wp","href":"https:\/\/api.w.org\/{rel}","templated":true}]}}