{"id":18,"date":"2023-10-06T08:15:31","date_gmt":"2023-10-06T06:15:31","guid":{"rendered":"https:\/\/domdzieckastarachowice.pl\/?page_id=18"},"modified":"2024-01-12T14:48:39","modified_gmt":"2024-01-12T13:48:39","slug":"o-nas","status":"publish","type":"page","link":"https:\/\/domdzieckastarachowice.pl\/?page_id=18","title":{"rendered":"O nas"},"content":{"rendered":"\n<pre class=\"wp-block-preformatted\"><strong>Plac\u00f3wka Opieku\u0144czo-Wychowawcza w Starachowicach powsta\u0142a na mocy Uchwa\u0142y Rady Powiatu nr L\/370\/2018 z dnia 15.11.2018r. Plac\u00f3wka zosta\u0142a przeniesion<\/strong>a <strong>z miejscowo\u015bci Staw Kunowski do Starachowic w styczniu 2019 r. <\/strong>\n<strong>Obecnie Plac\u00f3wka zlokalizowana jest na III pi\u0119trze budynku mieszcz\u0105cego si\u0119 przy ul. Radomskiej 72 w Starachowicach.<\/strong><\/pre>\n\n\n\n<figure class=\"wp-block-image aligncenter size-full\"><img fetchpriority=\"high\" decoding=\"async\" width=\"1024\" height=\"576\" src=\"https:\/\/domdzieckastarachowice.pl\/wp-content\/uploads\/2024\/01\/IMG_20190202_124301.jpg\" alt=\"\" class=\"wp-image-128\" srcset=\"https:\/\/domdzieckastarachowice.pl\/wp-content\/uploads\/2024\/01\/IMG_20190202_124301.jpg 1024w, https:\/\/domdzieckastarachowice.pl\/wp-content\/uploads\/2024\/01\/IMG_20190202_124301-300x169.jpg 300w, https:\/\/domdzieckastarachowice.pl\/wp-content\/uploads\/2024\/01\/IMG_20190202_124301-768x432.jpg 768w\" sizes=\"(max-width: 1024px) 100vw, 1024px\" \/><\/figure>\n\n\n\n<pre class=\"wp-block-preformatted\"><em><strong>Kr\u00f3tko o historii Plac\u00f3wki Opieku\u0144czo-Wychowawczej w Starachowicach.<\/strong><\/em><\/pre>\n\n\n\n<pre class=\"wp-block-preformatted\"><strong>Nasza jednostka pierwotnie powsta\u0142a jako Zesp\u00f3\u0142 Plac\u00f3wek Opieku\u0144czo \u2013 Wychowawczych w Stawie Kunowskim, kt\u00f3ry zosta\u0142 utworzony na podstawie Uchwa\u0142y Nr XXXV\/285\/05 Rady Powiatu w Starachowicach z dnia 17 marca 2005r. Pierwsi wychowankowie przyjechali do naszego domu dok\u0142adnie 1 sierpnia 2006r. Zesp\u00f3\u0142 Plac\u00f3wek Opieku\u0144czo-Wychowawczych pe\u0142ni\u0142 rol\u0119 plac\u00f3wki socjalizacyjnej, oraz pogotowia opieku\u0144czego. W\u00f3wczas w Zespole Plac\u00f3wek Opieku\u0144czo-Wychowawczych mog\u0142y zamieszka\u0107 dzieci w wieku od 0 do 18 lat.<\/strong><\/pre>\n\n\n\n<pre class=\"wp-block-preformatted\"><strong>Wraz z wej\u015bciem w \u017cycie ustawy o wspieraniu rodziny i systemie pieczy zast\u0119pczej, wszystkie Plac\u00f3wki musia\u0142y zosta\u0107 dostosowane do obowi\u0105zuj\u0105cych przepis\u00f3w prawa, dlatego w dniu 01.01.2013r. Zesp\u00f3\u0142 Plac\u00f3wek Opieku\u0144czo - Wychowawczych w Stawie Kunowskim zosta\u0142 przekszta\u0142cony w Plac\u00f3wk\u0119 Opieku\u0144czo - Wychowawcz\u0105 w Stawie Kunowskim typu socjalizacyjnego na podstawie Uchwa\u0142y Nr XXVIII\/224\/2013 Rady Powiatu w Starachowicach z dnia 28.02.2013r. W Plac\u00f3wce tej mog\u0142y przebywa\u0107 dzieci w wieku od 10-25 roku \u017cycia.<\/strong><\/pre>\n\n\n\n<pre class=\"wp-block-preformatted\"><strong><em>Dzia\u0142alno\u015b\u0107 Plac\u00f3wki.<\/em><\/strong><\/pre>\n\n\n\n<pre class=\"wp-block-preformatted\"><strong>G\u0142\u00f3wnym celem naszej dzia\u0142alno\u015bci jest zapewnienie ca\u0142odobowej opieki oraz wychowania dzieciom, kt\u00f3rych rodzice s\u0105 ca\u0142kowicie, lub cz\u0119\u015bciowo pozbawieni w\u0142adzy rodzicielskiej. PO-W jest bowiem ca\u0142odobow\u0105 plac\u00f3wk\u0105 typu socjalizacyjnego dla dzieci i m\u0142odzie\u017cy w wieku od 10 do 25 lat. W szczeg\u00f3lnych przypadkach do plac\u00f3wki mog\u0105 by\u0107 przyj\u0119te dzieci poni\u017cej 10 roku \u017cycia, np. rodze\u0144stwo. Podstaw\u0119 przyj\u0119cia dziecka do plac\u00f3wki stanowi postanowienie S\u0105du oraz skierowanie wydane przez Powiatowe Centrum Pomocy Rodzinie, wraz z niezb\u0119dn\u0105 dokumentacj\u0105. Plac\u00f3wka mo\u017ce przyj\u0105\u0107 bez skierowania, oraz innej dokumentacji ka\u017cde dziecko poni\u017cej 13 roku \u017cycia, kt\u00f3re wymaga zapewnienia natychmiastowej opieki \u2013 na polecenie s\u0119dziego, doprowadzone przez policj\u0119, szko\u0142\u0119, lub osoby stwierdzaj\u0105ce porzucenie dziecka, lub zagro\u017cenie jego \u017cycia i zdrowia. Nasza praca polega na prowadzeniu zintegrowanych dzia\u0142a\u0144 opieku\u0144czych, wychowawczych, diagnostyczno \u2013 terapeutycznych, oraz na nieustannej wsp\u00f3\u0142pracy z rodzin\u0105. Chcieliby\u015bmy stworzy\u0107 dla naszych wychowank\u00f3w odpowiednie warunki do spokojnego rozwoju psychofizycznego, oraz nauczy\u0107 ich samodzielnego funkcjonowania w spo\u0142ecze\u0144stwie. Nasi pracownicy staraj\u0105 si\u0119 nieustannie zaspakaja\u0107 wszelkie potrzeby swoich wychowank\u00f3w, zar\u00f3wno potrzeby emocjonalne, spo\u0142eczne i religijne, jak i materialne i bytowe. Mimo opuszczenia naszej plac\u00f3wki wychowankowie nadal mog\u0105 liczy\u0107 na nasz\u0105 pomoc.<\/strong><\/pre>\n\n\n\n<pre class=\"wp-block-preformatted\"><strong>Wa\u017cnym elementem naszej dzia\u0142alno\u015bci jest zagospodarowanie czasu wolnego dzieci. Staramy si\u0119 rozwija\u0107 zainteresowania wychowank\u00f3w, oraz stwarza\u0107 okazje do odkrywania talent\u00f3w. W tym celu w plac\u00f3wce organizowane s\u0105 zaj\u0119cia: artystyczne (recytatorskie, muzyczne), &nbsp;plastyczne, &nbsp;informatyczne, &nbsp;kulinarne, a tak\u017ce sportowe i rekreacyjne. Nasze dzieci bardzo ch\u0119tnie uczestnicz\u0105 w rozmaitych wyst\u0119pach, rajdach pieszych, wycieczkach rowerowych, oraz turniejach sportowych.   W okresie wakacji wyje\u017cd\u017caj\u0105 na obozy i kolonie, dodatkowo wychowawcy organizuj\u0105 wycieczki piesze i rowerowe, wyjazdy na k\u0105pieliska, na stadnin\u0119 koni, na basen, do kina, na sztuczne lodowisko, oraz na narty. Wychowawcy organizuj\u0105 r\u00f3wnie\u017c rozmaite gry i zabawy, np. wiecz\u00f3r gier planszowych, czy projekcje film\u00f3w. Plac\u00f3wka wyposa\u017cona jest w komputery,gry telewizyjne x-box,maty do ta\u0144ca, oraz karaoke. Plac\u00f3wka dysponuje si\u0142owni\u0105 wyposa\u017con\u0105 w atlas do \u0107wicze\u0144, hantle, steper oraz worek treningowy. Do dyspozycji podopiecznych posiadamy tak\u017ce st\u00f3\u0142 do gry w tenisa sto\u0142owego.<\/strong><\/pre>\n\n\n\n<pre class=\"wp-block-preformatted\"><strong>W celu zapewnienia warunk\u00f3w do rozwoju samorz\u0105dno\u015bci mieszka\u0144c\u00f3w naszego domu, w plac\u00f3wce funkcjonuje Samorz\u0105d Mieszka\u0144c\u00f3w, kt\u00f3ry uczy demokratycznych form wsp\u00f3\u0142\u017cycia i wsp\u00f3\u0142dzia\u0142ania mieszka\u0144c\u00f3w. Do obowi\u0105zk\u00f3w samorz\u0105du nale\u017cy w szczeg\u00f3lno\u015bci: ustalanie kalendarza imprez, organizacja wyjazd\u00f3w, zabaw, konkurs\u00f3w, rozwi\u0105zywanie bie\u017c\u0105cych problem\u00f3w wychowank\u00f3w, oraz uczestniczenie w przeliczaniu bonus\u00f3w b\u0119d\u0105cych podstaw\u0105 wyp\u0142aty kieszonkowego.<\/strong><\/pre>\n\n\n\n<pre class=\"wp-block-preformatted\"><strong>Najwa\u017cniejsz\u0105 spraw\u0105 dla nas wszystkich jest praca z dzieckiem i jego rodzin\u0105. Chcemy, aby ka\u017cde dziecko, kt\u00f3re u nas zamieszka mia\u0142o mo\u017cliwo\u015b\u0107 szybkiego powrotu do pe\u0142nej mi\u0142o\u015bci, odmienionej na lepsze rodziny biologicznej. Aby ka\u017cda z rodzin, z kt\u00f3rymi pracujemy przedk\u0142ada\u0142a dobro dziecka ponad swoje w\u0142asne.<\/strong><\/pre>\n\n\n\n<pre class=\"wp-block-preformatted\"><strong>Z dzie\u0107mi pracuje wykwalifikowana kadra wychowawc\u00f3w, pedagog\u00f3w, psychologa i pracownika socjalnego. Swoje zadania wykonujemy we wsp\u00f3\u0142pracy                                z Powiatowym Centrum Pomocy Rodzinie, o\u015brodkami pomocy spo\u0142ecznej, s\u0105dami rodzinnymi, o\u015brodkiem adopcyjno - opieku\u0144czym, szko\u0142ami, poradni\u0105 psychologiczno - pedagogiczn\u0105 i w\u0142a\u015bciwymi poradniami specjalistycznymi.<\/strong><\/pre>\n\n\n\n<pre class=\"wp-block-preformatted\"><strong><em>Zdj\u0119cia naszego domu<\/em><\/strong>:<\/pre>\n\n\n\n<p><\/p>\n\n\n\n<figure class=\"wp-block-gallery has-nested-images columns-default is-cropped wp-block-gallery-1 is-layout-flex wp-block-gallery-is-layout-flex\">\n<figure class=\"wp-block-image size-large\"><img decoding=\"async\" width=\"1024\" height=\"575\" data-id=\"166\" src=\"https:\/\/domdzieckastarachowice.pl\/wp-content\/uploads\/2024\/01\/DSC01522-1024x575.jpg\" alt=\"\" class=\"wp-image-166\" srcset=\"https:\/\/domdzieckastarachowice.pl\/wp-content\/uploads\/2024\/01\/DSC01522-1024x575.jpg 1024w, https:\/\/domdzieckastarachowice.pl\/wp-content\/uploads\/2024\/01\/DSC01522-300x168.jpg 300w, https:\/\/domdzieckastarachowice.pl\/wp-content\/uploads\/2024\/01\/DSC01522-768x431.jpg 768w, https:\/\/domdzieckastarachowice.pl\/wp-content\/uploads\/2024\/01\/DSC01522-1536x862.jpg 1536w, https:\/\/domdzieckastarachowice.pl\/wp-content\/uploads\/2024\/01\/DSC01522.jpg 1600w\" sizes=\"(max-width: 1024px) 100vw, 1024px\" \/><\/figure>\n\n\n\n<figure class=\"wp-block-image size-large\"><img decoding=\"async\" width=\"1024\" height=\"575\" data-id=\"176\" src=\"https:\/\/domdzieckastarachowice.pl\/wp-content\/uploads\/2024\/01\/DSC01523-1024x575.jpg\" alt=\"\" class=\"wp-image-176\" srcset=\"https:\/\/domdzieckastarachowice.pl\/wp-content\/uploads\/2024\/01\/DSC01523-1024x575.jpg 1024w, https:\/\/domdzieckastarachowice.pl\/wp-content\/uploads\/2024\/01\/DSC01523-300x168.jpg 300w, https:\/\/domdzieckastarachowice.pl\/wp-content\/uploads\/2024\/01\/DSC01523-768x431.jpg 768w, https:\/\/domdzieckastarachowice.pl\/wp-content\/uploads\/2024\/01\/DSC01523-1536x862.jpg 1536w, https:\/\/domdzieckastarachowice.pl\/wp-content\/uploads\/2024\/01\/DSC01523.jpg 1600w\" sizes=\"(max-width: 1024px) 100vw, 1024px\" \/><\/figure>\n\n\n\n<figure class=\"wp-block-image size-large\"><img loading=\"lazy\" decoding=\"async\" width=\"1024\" height=\"575\" data-id=\"169\" src=\"https:\/\/domdzieckastarachowice.pl\/wp-content\/uploads\/2024\/01\/DSC01525-1024x575.jpg\" alt=\"\" class=\"wp-image-169\" srcset=\"https:\/\/domdzieckastarachowice.pl\/wp-content\/uploads\/2024\/01\/DSC01525-1024x575.jpg 1024w, https:\/\/domdzieckastarachowice.pl\/wp-content\/uploads\/2024\/01\/DSC01525-300x168.jpg 300w, https:\/\/domdzieckastarachowice.pl\/wp-content\/uploads\/2024\/01\/DSC01525-768x431.jpg 768w, https:\/\/domdzieckastarachowice.pl\/wp-content\/uploads\/2024\/01\/DSC01525-1536x862.jpg 1536w, https:\/\/domdzieckastarachowice.pl\/wp-content\/uploads\/2024\/01\/DSC01525.jpg 1600w\" sizes=\"(max-width: 1024px) 100vw, 1024px\" \/><\/figure>\n\n\n\n<figure class=\"wp-block-image size-large\"><img loading=\"lazy\" decoding=\"async\" width=\"1024\" height=\"576\" data-id=\"165\" src=\"https:\/\/domdzieckastarachowice.pl\/wp-content\/uploads\/2024\/01\/IMG_20190202_124301-1.jpg\" alt=\"\" class=\"wp-image-165\" srcset=\"https:\/\/domdzieckastarachowice.pl\/wp-content\/uploads\/2024\/01\/IMG_20190202_124301-1.jpg 1024w, https:\/\/domdzieckastarachowice.pl\/wp-content\/uploads\/2024\/01\/IMG_20190202_124301-1-300x169.jpg 300w, https:\/\/domdzieckastarachowice.pl\/wp-content\/uploads\/2024\/01\/IMG_20190202_124301-1-768x432.jpg 768w\" sizes=\"(max-width: 1024px) 100vw, 1024px\" \/><\/figure>\n\n\n\n<figure class=\"wp-block-image size-large\"><img loading=\"lazy\" decoding=\"async\" width=\"1024\" height=\"771\" data-id=\"183\" src=\"https:\/\/domdzieckastarachowice.pl\/wp-content\/uploads\/2024\/01\/IMG_20231214_123858270-1024x771.jpg\" alt=\"\" class=\"wp-image-183\" srcset=\"https:\/\/domdzieckastarachowice.pl\/wp-content\/uploads\/2024\/01\/IMG_20231214_123858270-1024x771.jpg 1024w, https:\/\/domdzieckastarachowice.pl\/wp-content\/uploads\/2024\/01\/IMG_20231214_123858270-300x226.jpg 300w, https:\/\/domdzieckastarachowice.pl\/wp-content\/uploads\/2024\/01\/IMG_20231214_123858270-768x578.jpg 768w, https:\/\/domdzieckastarachowice.pl\/wp-content\/uploads\/2024\/01\/IMG_20231214_123858270-1536x1157.jpg 1536w, https:\/\/domdzieckastarachowice.pl\/wp-content\/uploads\/2024\/01\/IMG_20231214_123858270-2048x1542.jpg 2048w\" sizes=\"(max-width: 1024px) 100vw, 1024px\" \/><\/figure>\n\n\n\n<figure class=\"wp-block-image size-large\"><img loading=\"lazy\" decoding=\"async\" width=\"1024\" height=\"575\" data-id=\"168\" src=\"https:\/\/domdzieckastarachowice.pl\/wp-content\/uploads\/2024\/01\/DSC01503-1024x575.jpg\" alt=\"\" class=\"wp-image-168\" srcset=\"https:\/\/domdzieckastarachowice.pl\/wp-content\/uploads\/2024\/01\/DSC01503-1024x575.jpg 1024w, https:\/\/domdzieckastarachowice.pl\/wp-content\/uploads\/2024\/01\/DSC01503-300x168.jpg 300w, https:\/\/domdzieckastarachowice.pl\/wp-content\/uploads\/2024\/01\/DSC01503-768x431.jpg 768w, https:\/\/domdzieckastarachowice.pl\/wp-content\/uploads\/2024\/01\/DSC01503-1536x862.jpg 1536w, https:\/\/domdzieckastarachowice.pl\/wp-content\/uploads\/2024\/01\/DSC01503.jpg 1600w\" sizes=\"(max-width: 1024px) 100vw, 1024px\" \/><\/figure>\n\n\n\n<figure class=\"wp-block-image size-large\"><img loading=\"lazy\" decoding=\"async\" width=\"1024\" height=\"575\" data-id=\"167\" src=\"https:\/\/domdzieckastarachowice.pl\/wp-content\/uploads\/2024\/01\/DSC01505-1024x575.jpg\" alt=\"\" class=\"wp-image-167\" srcset=\"https:\/\/domdzieckastarachowice.pl\/wp-content\/uploads\/2024\/01\/DSC01505-1024x575.jpg 1024w, https:\/\/domdzieckastarachowice.pl\/wp-content\/uploads\/2024\/01\/DSC01505-300x168.jpg 300w, https:\/\/domdzieckastarachowice.pl\/wp-content\/uploads\/2024\/01\/DSC01505-768x431.jpg 768w, https:\/\/domdzieckastarachowice.pl\/wp-content\/uploads\/2024\/01\/DSC01505-1536x862.jpg 1536w, https:\/\/domdzieckastarachowice.pl\/wp-content\/uploads\/2024\/01\/DSC01505.jpg 1600w\" sizes=\"(max-width: 1024px) 100vw, 1024px\" \/><\/figure>\n\n\n\n<figure class=\"wp-block-image size-large\"><img loading=\"lazy\" decoding=\"async\" width=\"1024\" height=\"575\" data-id=\"174\" src=\"https:\/\/domdzieckastarachowice.pl\/wp-content\/uploads\/2024\/01\/DSC01506-1024x575.jpg\" alt=\"\" class=\"wp-image-174\" srcset=\"https:\/\/domdzieckastarachowice.pl\/wp-content\/uploads\/2024\/01\/DSC01506-1024x575.jpg 1024w, https:\/\/domdzieckastarachowice.pl\/wp-content\/uploads\/2024\/01\/DSC01506-300x168.jpg 300w, https:\/\/domdzieckastarachowice.pl\/wp-content\/uploads\/2024\/01\/DSC01506-768x431.jpg 768w, https:\/\/domdzieckastarachowice.pl\/wp-content\/uploads\/2024\/01\/DSC01506-1536x862.jpg 1536w, https:\/\/domdzieckastarachowice.pl\/wp-content\/uploads\/2024\/01\/DSC01506.jpg 1600w\" sizes=\"(max-width: 1024px) 100vw, 1024px\" \/><\/figure>\n\n\n\n<figure class=\"wp-block-image size-large\"><img loading=\"lazy\" decoding=\"async\" width=\"1024\" height=\"575\" data-id=\"182\" src=\"https:\/\/domdzieckastarachowice.pl\/wp-content\/uploads\/2024\/01\/DSC01507-1024x575.jpg\" alt=\"\" class=\"wp-image-182\" srcset=\"https:\/\/domdzieckastarachowice.pl\/wp-content\/uploads\/2024\/01\/DSC01507-1024x575.jpg 1024w, https:\/\/domdzieckastarachowice.pl\/wp-content\/uploads\/2024\/01\/DSC01507-300x168.jpg 300w, https:\/\/domdzieckastarachowice.pl\/wp-content\/uploads\/2024\/01\/DSC01507-768x431.jpg 768w, https:\/\/domdzieckastarachowice.pl\/wp-content\/uploads\/2024\/01\/DSC01507-1536x862.jpg 1536w, https:\/\/domdzieckastarachowice.pl\/wp-content\/uploads\/2024\/01\/DSC01507.jpg 1600w\" sizes=\"(max-width: 1024px) 100vw, 1024px\" \/><\/figure>\n\n\n\n<figure class=\"wp-block-image size-large\"><img loading=\"lazy\" decoding=\"async\" width=\"1024\" height=\"575\" data-id=\"185\" src=\"https:\/\/domdzieckastarachowice.pl\/wp-content\/uploads\/2024\/01\/DSC01508-1024x575.jpg\" alt=\"\" class=\"wp-image-185\" srcset=\"https:\/\/domdzieckastarachowice.pl\/wp-content\/uploads\/2024\/01\/DSC01508-1024x575.jpg 1024w, https:\/\/domdzieckastarachowice.pl\/wp-content\/uploads\/2024\/01\/DSC01508-300x168.jpg 300w, https:\/\/domdzieckastarachowice.pl\/wp-content\/uploads\/2024\/01\/DSC01508-768x431.jpg 768w, https:\/\/domdzieckastarachowice.pl\/wp-content\/uploads\/2024\/01\/DSC01508-1536x862.jpg 1536w, https:\/\/domdzieckastarachowice.pl\/wp-content\/uploads\/2024\/01\/DSC01508.jpg 1600w\" sizes=\"(max-width: 1024px) 100vw, 1024px\" \/><\/figure>\n\n\n\n<figure class=\"wp-block-image size-large\"><img loading=\"lazy\" decoding=\"async\" width=\"1024\" height=\"575\" data-id=\"172\" src=\"https:\/\/domdzieckastarachowice.pl\/wp-content\/uploads\/2024\/01\/DSC01509-1024x575.jpg\" alt=\"\" class=\"wp-image-172\" srcset=\"https:\/\/domdzieckastarachowice.pl\/wp-content\/uploads\/2024\/01\/DSC01509-1024x575.jpg 1024w, https:\/\/domdzieckastarachowice.pl\/wp-content\/uploads\/2024\/01\/DSC01509-300x168.jpg 300w, https:\/\/domdzieckastarachowice.pl\/wp-content\/uploads\/2024\/01\/DSC01509-768x431.jpg 768w, https:\/\/domdzieckastarachowice.pl\/wp-content\/uploads\/2024\/01\/DSC01509-1536x862.jpg 1536w, https:\/\/domdzieckastarachowice.pl\/wp-content\/uploads\/2024\/01\/DSC01509.jpg 1600w\" sizes=\"(max-width: 1024px) 100vw, 1024px\" \/><\/figure>\n\n\n\n<figure class=\"wp-block-image size-large\"><img loading=\"lazy\" decoding=\"async\" width=\"1024\" height=\"575\" data-id=\"180\" src=\"https:\/\/domdzieckastarachowice.pl\/wp-content\/uploads\/2024\/01\/DSC01510-1024x575.jpg\" alt=\"\" class=\"wp-image-180\" srcset=\"https:\/\/domdzieckastarachowice.pl\/wp-content\/uploads\/2024\/01\/DSC01510-1024x575.jpg 1024w, https:\/\/domdzieckastarachowice.pl\/wp-content\/uploads\/2024\/01\/DSC01510-300x168.jpg 300w, https:\/\/domdzieckastarachowice.pl\/wp-content\/uploads\/2024\/01\/DSC01510-768x431.jpg 768w, https:\/\/domdzieckastarachowice.pl\/wp-content\/uploads\/2024\/01\/DSC01510-1536x862.jpg 1536w, https:\/\/domdzieckastarachowice.pl\/wp-content\/uploads\/2024\/01\/DSC01510.jpg 1600w\" sizes=\"(max-width: 1024px) 100vw, 1024px\" \/><\/figure>\n\n\n\n<figure class=\"wp-block-image size-large\"><img loading=\"lazy\" decoding=\"async\" width=\"1024\" height=\"575\" data-id=\"179\" src=\"https:\/\/domdzieckastarachowice.pl\/wp-content\/uploads\/2024\/01\/DSC01511-1024x575.jpg\" alt=\"\" class=\"wp-image-179\" srcset=\"https:\/\/domdzieckastarachowice.pl\/wp-content\/uploads\/2024\/01\/DSC01511-1024x575.jpg 1024w, https:\/\/domdzieckastarachowice.pl\/wp-content\/uploads\/2024\/01\/DSC01511-300x168.jpg 300w, https:\/\/domdzieckastarachowice.pl\/wp-content\/uploads\/2024\/01\/DSC01511-768x431.jpg 768w, https:\/\/domdzieckastarachowice.pl\/wp-content\/uploads\/2024\/01\/DSC01511-1536x862.jpg 1536w, https:\/\/domdzieckastarachowice.pl\/wp-content\/uploads\/2024\/01\/DSC01511.jpg 1600w\" sizes=\"(max-width: 1024px) 100vw, 1024px\" \/><\/figure>\n\n\n\n<figure class=\"wp-block-image size-large\"><img loading=\"lazy\" decoding=\"async\" width=\"1024\" height=\"575\" data-id=\"175\" src=\"https:\/\/domdzieckastarachowice.pl\/wp-content\/uploads\/2024\/01\/DSC01512-1024x575.jpg\" alt=\"\" class=\"wp-image-175\" srcset=\"https:\/\/domdzieckastarachowice.pl\/wp-content\/uploads\/2024\/01\/DSC01512-1024x575.jpg 1024w, https:\/\/domdzieckastarachowice.pl\/wp-content\/uploads\/2024\/01\/DSC01512-300x168.jpg 300w, https:\/\/domdzieckastarachowice.pl\/wp-content\/uploads\/2024\/01\/DSC01512-768x431.jpg 768w, https:\/\/domdzieckastarachowice.pl\/wp-content\/uploads\/2024\/01\/DSC01512-1536x862.jpg 1536w, https:\/\/domdzieckastarachowice.pl\/wp-content\/uploads\/2024\/01\/DSC01512.jpg 1600w\" sizes=\"(max-width: 1024px) 100vw, 1024px\" \/><\/figure>\n\n\n\n<figure class=\"wp-block-image size-large\"><img loading=\"lazy\" decoding=\"async\" width=\"1024\" height=\"575\" data-id=\"173\" src=\"https:\/\/domdzieckastarachowice.pl\/wp-content\/uploads\/2024\/01\/DSC01514-1024x575.jpg\" alt=\"\" class=\"wp-image-173\" srcset=\"https:\/\/domdzieckastarachowice.pl\/wp-content\/uploads\/2024\/01\/DSC01514-1024x575.jpg 1024w, https:\/\/domdzieckastarachowice.pl\/wp-content\/uploads\/2024\/01\/DSC01514-300x168.jpg 300w, https:\/\/domdzieckastarachowice.pl\/wp-content\/uploads\/2024\/01\/DSC01514-768x431.jpg 768w, https:\/\/domdzieckastarachowice.pl\/wp-content\/uploads\/2024\/01\/DSC01514-1536x862.jpg 1536w, https:\/\/domdzieckastarachowice.pl\/wp-content\/uploads\/2024\/01\/DSC01514.jpg 1600w\" sizes=\"(max-width: 1024px) 100vw, 1024px\" \/><\/figure>\n\n\n\n<figure class=\"wp-block-image size-large\"><img loading=\"lazy\" decoding=\"async\" width=\"1024\" height=\"575\" data-id=\"171\" src=\"https:\/\/domdzieckastarachowice.pl\/wp-content\/uploads\/2024\/01\/DSC01515-1024x575.jpg\" alt=\"\" class=\"wp-image-171\" srcset=\"https:\/\/domdzieckastarachowice.pl\/wp-content\/uploads\/2024\/01\/DSC01515-1024x575.jpg 1024w, https:\/\/domdzieckastarachowice.pl\/wp-content\/uploads\/2024\/01\/DSC01515-300x168.jpg 300w, https:\/\/domdzieckastarachowice.pl\/wp-content\/uploads\/2024\/01\/DSC01515-768x431.jpg 768w, https:\/\/domdzieckastarachowice.pl\/wp-content\/uploads\/2024\/01\/DSC01515-1536x862.jpg 1536w, https:\/\/domdzieckastarachowice.pl\/wp-content\/uploads\/2024\/01\/DSC01515.jpg 1600w\" sizes=\"(max-width: 1024px) 100vw, 1024px\" \/><\/figure>\n\n\n\n<figure class=\"wp-block-image size-large\"><img loading=\"lazy\" decoding=\"async\" width=\"1024\" height=\"575\" data-id=\"170\" src=\"https:\/\/domdzieckastarachowice.pl\/wp-content\/uploads\/2024\/01\/DSC01516-1024x575.jpg\" alt=\"\" class=\"wp-image-170\" srcset=\"https:\/\/domdzieckastarachowice.pl\/wp-content\/uploads\/2024\/01\/DSC01516-1024x575.jpg 1024w, https:\/\/domdzieckastarachowice.pl\/wp-content\/uploads\/2024\/01\/DSC01516-300x168.jpg 300w, https:\/\/domdzieckastarachowice.pl\/wp-content\/uploads\/2024\/01\/DSC01516-768x431.jpg 768w, https:\/\/domdzieckastarachowice.pl\/wp-content\/uploads\/2024\/01\/DSC01516-1536x862.jpg 1536w, https:\/\/domdzieckastarachowice.pl\/wp-content\/uploads\/2024\/01\/DSC01516.jpg 1600w\" sizes=\"(max-width: 1024px) 100vw, 1024px\" \/><\/figure>\n\n\n\n<figure class=\"wp-block-image size-large\"><img loading=\"lazy\" decoding=\"async\" width=\"1024\" height=\"575\" data-id=\"178\" src=\"https:\/\/domdzieckastarachowice.pl\/wp-content\/uploads\/2024\/01\/DSC01517-1024x575.jpg\" alt=\"\" class=\"wp-image-178\" srcset=\"https:\/\/domdzieckastarachowice.pl\/wp-content\/uploads\/2024\/01\/DSC01517-1024x575.jpg 1024w, https:\/\/domdzieckastarachowice.pl\/wp-content\/uploads\/2024\/01\/DSC01517-300x168.jpg 300w, https:\/\/domdzieckastarachowice.pl\/wp-content\/uploads\/2024\/01\/DSC01517-768x431.jpg 768w, https:\/\/domdzieckastarachowice.pl\/wp-content\/uploads\/2024\/01\/DSC01517-1536x862.jpg 1536w, https:\/\/domdzieckastarachowice.pl\/wp-content\/uploads\/2024\/01\/DSC01517.jpg 1600w\" sizes=\"(max-width: 1024px) 100vw, 1024px\" \/><\/figure>\n\n\n\n<figure class=\"wp-block-image size-large\"><img loading=\"lazy\" decoding=\"async\" width=\"1024\" height=\"575\" data-id=\"181\" src=\"https:\/\/domdzieckastarachowice.pl\/wp-content\/uploads\/2024\/01\/DSC01518-1024x575.jpg\" alt=\"\" class=\"wp-image-181\" srcset=\"https:\/\/domdzieckastarachowice.pl\/wp-content\/uploads\/2024\/01\/DSC01518-1024x575.jpg 1024w, https:\/\/domdzieckastarachowice.pl\/wp-content\/uploads\/2024\/01\/DSC01518-300x168.jpg 300w, https:\/\/domdzieckastarachowice.pl\/wp-content\/uploads\/2024\/01\/DSC01518-768x431.jpg 768w, https:\/\/domdzieckastarachowice.pl\/wp-content\/uploads\/2024\/01\/DSC01518-1536x862.jpg 1536w, https:\/\/domdzieckastarachowice.pl\/wp-content\/uploads\/2024\/01\/DSC01518.jpg 1600w\" sizes=\"(max-width: 1024px) 100vw, 1024px\" \/><\/figure>\n\n\n\n<figure class=\"wp-block-image size-large\"><img loading=\"lazy\" decoding=\"async\" width=\"1024\" height=\"575\" data-id=\"184\" src=\"https:\/\/domdzieckastarachowice.pl\/wp-content\/uploads\/2024\/01\/DSC01519-1024x575.jpg\" alt=\"\" class=\"wp-image-184\" srcset=\"https:\/\/domdzieckastarachowice.pl\/wp-content\/uploads\/2024\/01\/DSC01519-1024x575.jpg 1024w, https:\/\/domdzieckastarachowice.pl\/wp-content\/uploads\/2024\/01\/DSC01519-300x168.jpg 300w, https:\/\/domdzieckastarachowice.pl\/wp-content\/uploads\/2024\/01\/DSC01519-768x431.jpg 768w, https:\/\/domdzieckastarachowice.pl\/wp-content\/uploads\/2024\/01\/DSC01519-1536x862.jpg 1536w, https:\/\/domdzieckastarachowice.pl\/wp-content\/uploads\/2024\/01\/DSC01519.jpg 1600w\" sizes=\"(max-width: 1024px) 100vw, 1024px\" \/><\/figure>\n\n\n\n<figure class=\"wp-block-image size-large\"><img loading=\"lazy\" decoding=\"async\" width=\"1024\" height=\"575\" data-id=\"177\" src=\"https:\/\/domdzieckastarachowice.pl\/wp-content\/uploads\/2024\/01\/DSC01521-1024x575.jpg\" alt=\"\" class=\"wp-image-177\" srcset=\"https:\/\/domdzieckastarachowice.pl\/wp-content\/uploads\/2024\/01\/DSC01521-1024x575.jpg 1024w, https:\/\/domdzieckastarachowice.pl\/wp-content\/uploads\/2024\/01\/DSC01521-300x168.jpg 300w, https:\/\/domdzieckastarachowice.pl\/wp-content\/uploads\/2024\/01\/DSC01521-768x431.jpg 768w, https:\/\/domdzieckastarachowice.pl\/wp-content\/uploads\/2024\/01\/DSC01521-1536x862.jpg 1536w, https:\/\/domdzieckastarachowice.pl\/wp-content\/uploads\/2024\/01\/DSC01521.jpg 1600w\" sizes=\"(max-width: 1024px) 100vw, 1024px\" \/><\/figure>\n<\/figure>\n","protected":false},"excerpt":{"rendered":"<p>Plac\u00f3wka Opieku\u0144czo-Wychowawcza w Starachowicach powsta\u0142a na mocy Uchwa\u0142y Rady Powiatu nr L\/370\/2018 z dnia 15.11.2018r. Plac\u00f3wka zosta\u0142a przeniesiona z miejscowo\u015bci Staw Kunowski do Starachowic w styczniu 2019 r. Obecnie Plac\u00f3wka zlokalizowana jest na III pi\u0119trze budynku mieszcz\u0105cego si\u0119 przy ul. Radomskiej 72 w Starachowicach. Kr\u00f3tko o historii Plac\u00f3wki Opieku\u0144czo-Wychowawczej w Starachowicach. Nasza jednostka pierwotnie powsta\u0142a &hellip;<\/p>\n<p class=\"read-more\"> <a class=\"\" href=\"https:\/\/domdzieckastarachowice.pl\/?page_id=18\"> <span class=\"screen-reader-text\">O nas<\/span> Read More &raquo;<\/a><\/p>\n","protected":false},"author":1,"featured_media":0,"parent":0,"menu_order":0,"comment_status":"closed","ping_status":"closed","template":"","meta":{"_acf_changed":false,"site-sidebar-layout":"default","site-content-layout":"","ast-site-content-layout":"","site-content-style":"default","site-sidebar-style":"default","ast-global-header-display":"","ast-banner-title-visibility":"","ast-main-header-display":"","ast-hfb-above-header-display":"","ast-hfb-below-header-display":"","ast-hfb-mobile-header-display":"","site-post-title":"","ast-breadcrumbs-content":"","ast-featured-img":"","footer-sml-layout":"","theme-transparent-header-meta":"","adv-header-id-meta":"","stick-header-meta":"","header-above-stick-meta":"","header-main-stick-meta":"","header-below-stick-meta":"","astra-migrate-meta-layouts":"","footnotes":""},"class_list":["post-18","page","type-page","status-publish","hentry"],"acf":[],"_links":{"self":[{"href":"https:\/\/domdzieckastarachowice.pl\/index.php?rest_route=\/wp\/v2\/pages\/18","targetHints":{"allow":["GET"]}}],"collection":[{"href":"https:\/\/domdzieckastarachowice.pl\/index.php?rest_route=\/wp\/v2\/pages"}],"about":[{"href":"https:\/\/domdzieckastarachowice.pl\/index.php?rest_route=\/wp\/v2\/types\/page"}],"author":[{"embeddable":true,"href":"https:\/\/domdzieckastarachowice.pl\/index.php?rest_route=\/wp\/v2\/users\/1"}],"replies":[{"embeddable":true,"href":"https:\/\/domdzieckastarachowice.pl\/index.php?rest_route=%2Fwp%2Fv2%2Fcomments&post=18"}],"version-history":[{"count":7,"href":"https:\/\/domdzieckastarachowice.pl\/index.php?rest_route=\/wp\/v2\/pages\/18\/revisions"}],"predecessor-version":[{"id":211,"href":"https:\/\/domdzieckastarachowice.pl\/index.php?rest_route=\/wp\/v2\/pages\/18\/revisions\/211"}],"wp:attachment":[{"href":"https:\/\/domdzieckastarachowice.pl\/index.php?rest_route=%2Fwp%2Fv2%2Fmedia&parent=18"}],"curies":[{"name":"wp","href":"https:\/\/api.w.org\/{rel}","templated":true}]}}